number?
False
Let n(b) = b + 16. Let f = 22 + -28. Let h be n(f). Is (0 - 93)*h/(-6) composite?
True
Let k = 23 - 13. Suppose -y + c = -3*y, 2*c + k = y. Suppose 2*l - 646 = -4*n, y*n - 2*l - 218 - 114 = 0. Is n a prime number?
True
Let g(c) = c**2 + 9*c - 3. Let q be g(-8). Let a be (88/q)/(2 + -1). Let m(l) = 3*l**2 - 5*l - 11. Is m(a) a prime number?
False
Let s(i) = i + 6. Let u be s(-11). Is (-263)/u + 5/(100/8) a prime number?
True
Suppose -6525 = -4*w - 5*o + 4075, 4*o + 10636 = 4*w. Let k = w - 1256. Is k a prime number?
True
Suppose 6773 = 5*n + 503. Let v = n + -701. Is v composite?
True
Let l(x) = -4498*x + 519. Is l(-4) composite?
True
Let a = -285 - -535. Let m = 451 - a. Is m composite?
True
Suppose -13*d = -10*d + 3*g - 121383, -80914 = -2*d + 2*g. Is d prime?
True
Suppose 2*x = 2*v - 1073 - 2997, -5*v - 4*x = -10211. Is v a prime number?
True
Suppose 3*v - 4*c = 25, 5*v - 4*c - 12 - 19 = 0. Is v*(-2 - (-434)/6) a composite number?
False
Suppose -8 = -2*i - 4. Is 151 + (-3 - -2)*i composite?
False
Let o = 17 - 23. Let h = o + 25. Is h a composite number?
False
Let h(f) = -f**3 + f**2 + 14*f - 1. Let v = -72 - -62. Is h(v) a prime number?
False
Suppose -63*q + 15*q + 116592 = 0. Is q a prime number?
False
Let i(p) = 7673*p**2 - 4*p. Is i(1) composite?
False
Suppose -2*m + 40739 = -m - 2*n, 0 = -4*m + 5*n + 162956. Is m a composite number?
False
Let b be 4/(-7 - -3) - -5. Suppose 2*s - s - b = 0. Suppose -5*o = -4*q + 2*q - 261, 151 = 3*o - s*q. Is o a composite number?
False
Is (-6)/2 + 18208 + -6 prime?
True
Suppose -26*t + 830224 = 127106. Is t composite?
False
Let x be 142*5/(-10)*-3. Let n = x + -86. Is n prime?
True
Let a = -18 + 43. Let q = a + -13. Let l = q - 10. Is l composite?
False
Let z(w) = 1460*w - 21. Is z(2) a composite number?
True
Let q = 2 + -8. Let t be (3/q + 0)*0. Suppose t = 5*f - u - 413, 2*u - 79 = -f + 4*u. Is f a composite number?
False
Is (-944)/4*(-2321)/44 composite?
True
Let w = 2655 - 832. Is w a prime number?
True
Let t = 41 - 27. Let w = 18 - t. Suppose 119 = w*v - 1061. Is v prime?
False
Let f be (-8)/(-3)*(-42)/(-56). Suppose 2154 = 2*g + 4*d, -5*d = -f*g - 185 + 2294. Is g a prime number?
False
Let h(c) = -6020*c - 273. Is h(-7) a composite number?
True
Is (4581/(-6))/(3/522*-9) a prime number?
False
Let p = 468 - -4571. Is p a prime number?
True
Let n be (-3 + (-18)/(-4) + -1)*7522. Suppose 5*c = 3*x - 0*x + n, -3*x = c - 745. Is c a prime number?
True
Let z = 10 - 10. Suppose -s + 245 + 69 = z. Is s composite?
True
Suppose 123260 = 21*k - k. Is k a composite number?
False
Is (-5 - 1734/(-9))*(1 - -2) a prime number?
True
Suppose -55*u = -49*u - 15126. Is u prime?
True
Let f be ((-25)/20)/((-2)/8). Suppose -2*n - c + 3606 = 3*c, f*c = -5*n + 9000. Is n a composite number?
True
Let y = 45 + -27. Suppose 0 = -3*h - 0*h - 15, -4*h = a + y. Suppose -3*f + 159 = -a*z, -3*z + 6*z + 265 = 5*f. Is f prime?
True
Suppose 26 = 9*b - 10. Suppose -4*h = -5*c - 393 - 378, -4*h - b*c + 816 = 0. Is h a composite number?
False
Let m(u) = -10*u**2 + u**2 + 2*u**3 - 7 - 4*u + 0*u**2. Let w be m(7). Let z = w - 139. Is z prime?
True
Suppose -2*o = -6*o. Suppose o = -4*s + f + 4031, -s - 4*s + 5038 = -f. Suppose 0 = 2*g + 2*v - 1028, 3*v = -2*g + 8*v + s. Is g prime?
False
Let d(v) = 2407*v**2 - 10*v + 38. Is d(3) a composite number?
True
Let u(v) = -11*v - 13. Let p = 0 + 5. Suppose -2*w - p*i - 17 = 0, -i - i = -w - 4. Is u(w) a composite number?
False
Suppose -4*n + 5*f + 13 = 0, 2 = f + 3. Suppose 135 - 41 = n*c. Is c prime?
True
Let j = 42 + -151. Suppose 1611 = 4*w + u - 4*u, 807 = 2*w - 3*u. Let b = w + j. Is b prime?
True
Let k = 12292 + 12177. Is k a composite number?
False
Let b(t) be the second derivative of -33*t**3/2 - 17*t**2/2 - 13*t. Is b(-4) composite?
False
Suppose 0 = 2*b + 2*k + 20, b = -0*b + 5*k + 2. Let n(z) = -363*z - 27. Let p(t) = 121*t + 9. Let c(o) = 6*n(o) + 17*p(o). Is c(b) composite?
True
Is -8 + -8 + (-144492)/(-6) + -1 a prime number?
False
Suppose -7*k + 16 = k. Is (3/6)/(k/14636) prime?
True
Let t(o) = o**3 - 18*o**2 + o + 5. Let c = -3 + 21. Is t(c) a prime number?
True
Suppose 0 = 4*v - 5*v + 20. Suppose -v + 1 = -q. Let t = -9 + q. Is t composite?
True
Suppose 4*i = 2*i - 92. Let s = 129 + i. Is s composite?
False
Let q(d) = d**3 + 4*d + 5*d - 13 + 2*d - 4*d**2 - 5*d. Is q(9) a prime number?
False
Suppose 56*i = 23*i + 526911. Is i composite?
True
Suppose 3*g - 3806 = 2*g. Suppose 27*z - 29*z + g = 0. Is z a composite number?
True
Let c = -2387 + 3642. Is c a prime number?
False
Suppose 18 = -3*d - y, -3*y + 11 = -2*d - 1. Let w(m) = -m**2 + m + 12. Let n be w(d). Let j = -5 - n. Is j composite?
True
Let q = 65 + -59. Is ((-9)/q)/((1 - -3)/(-2248)) prime?
False
Suppose -3*n = -5*i + 20, -2*i + 4 = -i + 4*n. Suppose g = i*q + 54 + 390, 4*g = q + 1746. Suppose 5*b - 9*b = -g. Is b a composite number?
False
Let y(m) = m**2 + 8*m + 2. Let v be y(-8). Suppose -v*s = a + s + 6, 2*a + 4*s = -8. Suppose a = 2*r + 3*i - 4*i - 25, r - 15 = i. Is r a prime number?
False
Let d(j) = 135*j + 784. Is d(5) composite?
False
Let h(i) = i**2 + i - 2. Let f be h(-2). Suppose -2*x + 5*x - 15 = 0, d - 2*x + 12 = f. Let g(w) = -82*w**3 + 5*w**2 + 5*w + 1. Is g(d) composite?
True
Let g be 1/4 + 1638/8. Suppose 0 = 5*i - p - 1065, 0*i + 2*i - 453 = -5*p. Let q = i + g. Is q composite?
False
Let f(v) = v**3 + v**2. Let h(w) = -514*w**3 - w**2 - w + 1. Let a(i) = -2*f(i) - h(i). Is a(1) a prime number?
False
Let q = -18 - -20. Let u be 55*((-24)/10 + q). Is u/(-4*(-4)/(-296)) prime?
False
Is 260305/55 - -8 - (-4)/22 prime?
False
Suppose 7*d - 11*d + p + 72443 = 0, 2*p = 3*d - 54331. Is d a composite number?
True
Suppose -26922 = -85*v + 79*v. Is v composite?
True
Suppose -111590 = -4*v + 49062. Is v prime?
True
Let o(x) = 259*x**3 + 2*x + 1. Let k be o(2). Suppose r + 4 = 0, -2*u + 630 = -r + 3288. Let a = k + u. Is a prime?
False
Let w(s) = -s**2 - 5*s + 6. Let h be w(-6). Suppose h = -3*d + 738 + 141. Is d a prime number?
True
Let i = -16 + 21. Suppose -3*n - 535 = -6*n + x, -173 = -n - i*x. Suppose -k = -3*k + n. Is k composite?
False
Is (138608/64)/(4/16) prime?
True
Suppose 4 = -g + 3*c, 8 = 3*g - g + 2*c. Let v be (3 + -7)*(-1)/g. Let s(q) = 69*q + 1. Is s(v) a prime number?
True
Suppose 0 = -5*z + 8*z - 291. Is z prime?
True
Suppose 0 = -2*c + 2, 33*x - 35*x + c + 253417 = 0. Is x a prime number?
False
Suppose 0 = 5*d - 5*c - 70, 0*c + 4*c = 2*d - 34. Suppose -d*h - h + 23484 = 0. Is h prime?
False
Suppose 0 = -4*v + 4*q - 672, -224 = 2*v + 5*q + 77. Let u = 552 + v. Is u prime?
True
Suppose 3*i = 5*i + 18. Let f be (-4)/((-12)/i) + 6. Suppose -f*k - 3*y + 822 = 0, 5*k - 1349 = 4*y - 2*y. Is k a prime number?
True
Let k = 50 - -15. Let i be (k/(-10))/(1/(-22)). Suppose -d + 4*g + i = 0, -3*d - 5*g = -404 + 43. Is d composite?
False
Let d(y) = y**3 + 9*y**2 + y - 4. Let u be d(-8). Let k = -38 - -40. Suppose k*n = -0*n + u. Is n composite?
True
Let p = -531 + 1540. Is p a composite number?
False
Let w = 42 + -32. Suppose -2*m + 48 = 4*b, w*b - 5*b - 34 = 4*m. Is 15/(b/2) + 88 a prime number?
False
Let u(d) = -211*d + 17. Let h be u(10). Is h/(-14) + 2/(-4) prime?
True
Let a = 19 - 18. Is ((-2)/(-3))/(a + (-3495)/3501) a prime number?
True
Suppose -3*u + 1376 = 254. Let n = 348 + -169. Suppose -2*a + 8 + n = o, a = 2*o - u. Is o prime?
False
Let u(y) = 3*y**3 - 3*y**2 - y. Let a be u(-2). Let q = a - -8. Let m = 111 + q. Is m prime?
False
Suppose 4*p = 2*p + 22. Let y = -5 + p. Is ((-9)/y)/((-3)/148) a prime number?
False
Suppose 3*l = 8*l - 45. Let j(t) = -16*t + 11. Let s(b) = 47*b - 33. Let x(d) = 11*j(d) + 4*s(d). Is x(l) a prime number?
True
Suppose 9*b + b = 30. Suppose 6 = 2*v + 2, x - 1737 = -b*v. Is x prime?
False
Let f be 1947/(1 - (-88)/(-92)). Is f/45 - (-4)/(-30) prime?
False
Suppose -4 = 2*n, -3*n + 5830 = -2*c + 6*c. Is c prime?
True
Let u be (-1)/((8/(-174))/4). Suppose 5*v = -5*m + 20, 3*v - 10 = -2*m - 0. Suppose -h + m*h = u. Is h composite?
True
Let d(m) = 3*m**3 + 2*m**2 - 6*m + 12. Let k be d(-5). Let h = 654 + k. Is h a composite number?
True
Suppose 0 = -5*u + 5*n + 105, 3*u + 2*n - 39 = 14. Let k = 18 - u. Is (k + 29)*(-57)/(-12) a composite number?
True
Suppose -16 =